*(2 + 0) - -4. Suppose -4*b + 5*u + 84 = -b, n*u = 0. What are the prime factors of b?
2, 7
Let d be (14 + -13)/((-1)/13). Let n(c) = 2*c**2 + 12*c - 15. List the prime factors of n(d).
167
Suppose -1488 - 25404 = -12*p. List the prime factors of p.
3, 83
Suppose 34*d - 7670 = 13852. List the prime factors of d.
3, 211
Let i be 1/(-4) - (54/(-24) + 0). Let u(v) = 16*v**3 + 3. List the prime factors of u(i).
131
Suppose -5*w + 138 = 13. Let z = 7 - w. Let m = z + 42. What are the prime factors of m?
2, 3
Let i(g) = g**2 + 6*g + 5. Let d be i(-5). Suppose d = 4*z - 307 - 261. What are the prime factors of z/5 - 2/5?
2, 7
Let n = 1559 + -144. List the prime factors of n.
5, 283
Suppose 0 = -4*z + 8. Suppose -z*n = 3*n. Suppose n = -3*p + h + 35, p - 12 - 4 = -4*h. What are the prime factors of p?
2, 3
Suppose 6*y + 54 = 9*y. What are the prime factors of 472/y - 2/9?
2, 13
Suppose 0 = 26*z - 19326 - 24874. What are the prime factors of z?
2, 5, 17
Let v = -4 - -9. Suppose 0 = -v*s - h + 5*h + 187, 0 = s - 5*h - 29. List the prime factors of s.
3, 13
Let v(p) = -1192*p**3 + p**2 - 8*p - 8. List the prime factors of v(-1).
1193
Let s(a) = -2*a + 2. Let o be s(1). Suppose -5*l = -o*l + 25. What are the prime factors of (-1)/((-3 - l)/(-50))?
5
Let g be 972/45 - (-4)/10. Let h = 47 - g. List the prime factors of h.
5
Let k(j) = 18*j**2 - 4*j - 9. Let g be k(-4). Suppose 9*w = 4*w + g. List the prime factors of w.
59
Let f(d) = d**3 - 3*d**2 + 4. Suppose 4*g = 3*g - 8. Let l(v) = -v - 5. Let k be l(g). What are the prime factors of f(k)?
2
Let c(o) = -43*o + 31. Let s(l) = 29*l - 21. Let u(i) = -5*c(i) - 7*s(i). Let b be u(-6). Let n = b + 120. List the prime factors of n.
2, 5
Let s(y) = y**3 - 22*y**2 - 50 - y + 4 + 32*y. List the prime factors of s(21).
2, 41
Let a(r) = 2*r**3 - 12*r**2 - r + 11. List the prime factors of a(9).
2, 61
Suppose 5 = -2*z + 5*p + 32, 0 = -z - p - 4. Suppose -35 = -5*s + 5*b, 0 = 5*s - b + 2*b - 17. Let h = s - z. List the prime factors of h.
3
Let l be (13/4 - 3)*4. List the prime factors of (-507)/(-9) + l/(-3).
2, 7
Suppose 0 = -2*o + 47 + 5. Suppose 0*u + 10 = u + 2*z, -5*u = -2*z - o. Suppose -u*q + 2*q = 3*d - 86, 5*d + 4*q = 130. List the prime factors of d.
2, 11
Let i(j) = 4*j**2 + 11*j - 7. What are the prime factors of i(3)?
2, 31
Let u = 18 + -15. Suppose m = -5*i + 20, -9 = -m - u*i + 11. Suppose 4 = 3*j - 2, -q + m = -j. List the prime factors of q.
2, 11
Let a = 931 + -339. What are the prime factors of a?
2, 37
Let u(p) be the third derivative of -p**5/60 - p**4/3 + 8*p**3/3 - p**2. What are the prime factors of u(-9)?
7
Suppose -5*l = -l + 100. Let o = l - -15. List the prime factors of (1*-3)/(3/o).
2, 5
Let s = 11 - 20. List the prime factors of 1*8/((-24)/s).
3
Let o be 2/(33/9 - 3). Suppose 3*s + o - 12 = 0. Suppose 4*f - 84 = -s*y, -f + 3*y - 2 = -2*y. List the prime factors of f.
2, 3
Let j(m) = -14*m - 6. Let q(w) = w + 1. Let y(o) = j(o) + 4*q(o). Let k(i) = -1. Let r(b) = k(b) - y(b). List the prime factors of r(3).
31
Let l = 128 + 699. What are the prime factors of l?
827
Suppose -991 = -7*i - 319. Suppose -3*a + 0*a = -i. What are the prime factors of a?
2
Let d = 102 - 107. Let s(r) = r + 29. What are the prime factors of s(d)?
2, 3
Let g(n) = 20*n**2 + 41*n + 4. List the prime factors of g(-6).
2, 239
Let g(o) = 2*o**3 + 3*o**2 + 16*o + 32. What are the prime factors of g(5)?
19, 23
Let g = -157 + 1500. List the prime factors of g.
17, 79
Suppose -i = -4 - 1. Suppose 5*y - 4*l = -7*l + 100, i*l = -y + 42. What are the prime factors of y?
17
Suppose 0 = 31*q - 33*q + 736. List the prime factors of q.
2, 23
Let v(d) be the third derivative of -35*d**4/24 + d**3/3 + 4*d**2. What are the prime factors of v(-4)?
2, 71
Let h = -638 - -630. Let w(n) = -7*n - 3 + 3 + 6. What are the prime factors of w(h)?
2, 31
Suppose -2*q + o = 3*q - 15, -6 = -2*q - 3*o. Suppose q*u - 108 = -5*b, 46 = 2*b + 5*u - 1. List the prime factors of b.
3, 7
Suppose 112*x - 107*x - 3040 = 0. List the prime factors of x.
2, 19
Let c(p) be the first derivative of -p**3/3 + 13*p**2/2 - 2*p - 13. List the prime factors of c(6).
2, 5
Suppose -2*o = -8*o + 12. Suppose o*l = -l + 87. List the prime factors of l.
29
Suppose 32 = 13*c - 12*c. Suppose -d + c = -3*r, 4*d - 5*r + 31 - 173 = 0. List the prime factors of d.
2, 19
Let b be ((-15)/6)/5*-356. Suppose 2*w - b = -2*r, -2*r - 6 - 2 = 0. What are the prime factors of w?
3, 31
What are the prime factors of ((-9812)/11)/(1*-2)?
2, 223
Suppose -92 - 73 = -5*m. Let d = m - 18. What are the prime factors of (d - (1 + -1)) + -4?
11
Suppose 5 + 13 = 3*s. Let v be (-224)/(-12) + (-4)/s. Suppose -4 = -u + v. What are the prime factors of u?
2, 11
Suppose -2*q + 5*q = 24. Suppose -5*n = -q*n + 3. List the prime factors of n/7 - 90/(-7).
13
Let r = 23 - 21. Suppose 2*t = t - r. What are the prime factors of (-534)/(-6) - (t - -6)?
5, 17
Suppose 5 = -w + 7. Suppose 3*k + 3*p - 11 = -w*k, 9 = -3*p. Suppose 0 = z - 38 + k. List the prime factors of z.
2, 17
Let r = 7 + -12. Let m(v) = -5*v + 12. Let x be m(r). Let g = x - -10. What are the prime factors of g?
47
What are the prime factors of (950/20)/(3/12 - 0)?
2, 5, 19
Let x(n) = -n**3 + 14*n**2 - 2*n + 21. Let o be x(14). Let f = o - -19. Let a = f + -3. List the prime factors of a.
3
Let t = -20 - -22. Let f be (20/30)/(t/15). Suppose 5*z = 4*n - 75, -n + 0 + 15 = -f*z. What are the prime factors of n?
2, 5
Suppose 7*n - 504 = -1694. Let k = 244 + n. What are the prime factors of k?
2, 37
Suppose -3*p - 4*d + 7 + 5 = 0, 4*p + 5*d - 16 = 0. Suppose 646 = 10*l - p. What are the prime factors of l?
5, 13
Suppose 28 = 4*o - 4*q, -5*o + 41 = -0*q - 3*q. Suppose 3 = -o*p + 11*p. List the prime factors of p.
3
Let a(j) be the third derivative of -17*j**4/24 + j**3/2 + 5*j**2. List the prime factors of a(-4).
71
Suppose 2*k + 4*f = 0, 0 = -3*f - 2*f - 20. Suppose 0 = k*q - 6*q - 38. What are the prime factors of q?
19
Let d = 19 - 36. Let u = d + 30. What are the prime factors of (u/13)/(1/29)?
29
Let b(f) be the first derivative of -f**4/4 + 16*f**3/3 - 13*f**2/2 + 16*f - 9. List the prime factors of b(15).
2, 23
Let c(d) = -2*d - 11. Let y be c(-10). Suppose -8*z + y*z = 3. What are the prime factors of z?
3
What are the prime factors of (-9)/(-6)*1572/6?
3, 131
Suppose 38*g + 9999 = 84631. What are the prime factors of g?
2, 491
Suppose -11*i = -0*i - 4312. What are the prime factors of i?
2, 7
Let n = 224 - 26. List the prime factors of n.
2, 3, 11
Let l = 47 - -35. Let a = 144 - l. Let w = -27 + a. List the prime factors of w.
5, 7
Let h(b) = b**2 - 8*b - 12. Let z = 4 + -4. Suppose 5*t + 5*k - 65 = z, 4*t + k = 21 + 22. List the prime factors of h(t).
2
Let s(o) = -o**3 - 9*o**2 + 4*o - 13. Let a be s(-10). Suppose -3*l - g + 406 = 0, -5*g - 429 = -3*l - a. List the prime factors of l.
2, 67
Let q(u) = u + 3. Let s be q(-7). Let f(i) = i**3 + 3*i**2 - 4*i - 3. Let h be f(s). List the prime factors of 27 - -4*(h - -4).
31
Let h = -27 - -34. Suppose -2*z - h + 1 = 0. What are the prime factors of ((-24)/z + 2)/1?
2, 5
Let u = -103 + 120. Suppose u*c - 700 = 3*c. What are the prime factors of c?
2, 5
Suppose 173 = -h - 6. Let z = h + 306. List the prime factors of z.
127
Let q(n) = n**2 + 2*n + 29. Suppose -7 = -11*p + 10*p. List the prime factors of q(p).
2, 23
Let x(o) = 26*o - 37. Let a be x(9). Let q = -47 + a. What are the prime factors of q?
2, 3, 5
Let n = 8 + -5. What are the prime factors of (-165)/((-10)/2) - n?
2, 3, 5
Let t = 849 - 704. What are the prime factors of t?
5, 29
Let b(z) = -z**3 + 6*z**2 + z - 1. Let y be b(6). Let k = 47 - y. What are the prime factors of k?
2, 3, 7
Let u be (3 + -4)/(-1)*1. Suppose 13*k - u = 14*k. List the prime factors of (0 - k) + (-198)/(-6).
2, 17
Let z = -13 + 23. Let d = z + -16. Let m(t) = -5*t + 8. List the prime factors of m(d).
2, 19
Let m = 12 - 37. List the prime factors of (-5)/m + 169/5.
2, 17
Let r = -232 - -342. List the prime factors of (-130)/r + (-4)/(-22) + 98.
97
Let i(z) = 41*z + 105. List the prime factors of i(15).
2, 3, 5
Let x = -148 + 272. Suppose -647 = -3*a + x. What are the prime factors of a?
257
Let a(f) = 4*f - 15. Suppose 6 = -2*x + 36. List the prime factor